{"id":5386,"date":"2025-11-25T11:28:52","date_gmt":"2025-11-25T10:28:52","guid":{"rendered":"https:\/\/uchass.ugr.es\/?post_type=miembro&#038;p=5386"},"modified":"2025-11-25T11:43:32","modified_gmt":"2025-11-25T10:43:32","slug":"petre-breazu","status":"publish","type":"miembro","link":"https:\/\/uchass.ugr.es\/es\/miembro\/petre-breazu\/","title":{"rendered":"Petre Breazu"},"content":{"rendered":"<p><strong>Petre Breazu<\/strong> es Profesor Ayudante Doctor en la Universidad de Cambrige. Desde la obtenci\u00f3n de su doctorado en Media and Communication (2020), ha desarrollado una ambiciosa agenda de investigaci\u00f3n interdisciplinar en la intersecci\u00f3n entre ling\u00fc\u00edstica, medios y comunicaci\u00f3n, pol\u00edtica, sociolog\u00eda e inteligencia artificial. Est\u00e1 reconocido como experto en an\u00e1lisis cr\u00edtico del discurso multimodal (MCDA), romafobia y racismo digital. <\/p>\n\n\n\n<p>Su trabajo ha demostrado c\u00f3mo el racismo se legitima y normaliza en los medios de comunicaci\u00f3n y en las plataformas digitales, y ha ampliado el alcance metodol\u00f3gico de los estudios del discurso mediante la integraci\u00f3n del MCDA con la teor\u00eda cr\u00edtica de la raza y enfoques computacionales. Petre fue Investigador Principal del proyecto Marie Sk\u0142odowska-Curie Romaphobia in the Age of Populism: A Comparative Study of UK and Swedish Media and Political Discourse y actualmente es co-investigador principal (junto con el Prof. Napoleon Katsos) del programa de investigaci\u00f3n de cinco a\u00f1os Large Language Models in Humanities and Social Science Research, financiado por el Melnik Fund. Petre es autor de 17 art\u00edculos revisados por pares, 3 cap\u00edtulos de libro y de un libro de pr\u00f3xima aparici\u00f3n en la <em>Cambridge University Press<\/em> basado en su tesis doctoral y en su investigaci\u00f3n MSCA. Act\u00faa como evaluador por pares para revistas de primer nivel, entre ellas <em>Discourse &amp; Society<\/em>, <em>Discourse &amp; Communication<\/em>, <em>Ethnicities<\/em>, <em>Language in Society<\/em>, y <em>Journal of Language and Politics<\/em>, entre muchas otras. <\/p>\n\n\n\n<p class=\" translation-block\">Es miembro del UKRI Talent Peer Review College (desde 2023), donde eval\u00faa regularmente propuestas de Future Leaders Fellowship y otras convocatorias de financiaci\u00f3n. Tambi\u00e9n es coeditor del pr\u00f3ximo n\u00famero monogr\u00e1fico de <em>Discourse Studies<\/em>, \u00abResearching Normalised Hate Speech as Discourse: Tracing Borderline Discourse Logics and Public Sphere Dynamics through a Critical and Interdisciplinary Approach\u00bb, que re\u00fane a destacados especialistas para examinar la amplificaci\u00f3n de las plataformas, el soft hate speech, las estrategias de mitigaci\u00f3n y los retos de la detecci\u00f3n mediante IA. Ha coorganizado importantes eventos internacionales como Addressing Hate Speech: Contributions from Sociolinguistics, Media, and AI (2024) y Critical Frontiers in Hate Speech and AI Research (2025), y forma parte del Advisory Board de la International Conference on Multimodality. Petre es tambi\u00e9n miembro del Task Force on Social Concerns de la Archdiocese of Thyateira and Great Britain, donde aporta su experiencia en migraci\u00f3n, esclavitud moderna y exclusi\u00f3n social.<\/p>\n\n\n\n<p><\/p>","protected":false},"featured_media":5387,"template":"","meta":{"site-sidebar-layout":"default","site-content-layout":"","ast-site-content-layout":"","site-content-style":"default","site-sidebar-style":"default","ast-global-header-display":"","ast-banner-title-visibility":"","ast-main-header-display":"","ast-hfb-above-header-display":"","ast-hfb-below-header-display":"","ast-hfb-mobile-header-display":"","site-post-title":"","ast-breadcrumbs-content":"","ast-featured-img":"","footer-sml-layout":"","theme-transparent-header-meta":"","adv-header-id-meta":"","stick-header-meta":"","header-above-stick-meta":"","header-main-stick-meta":"","header-below-stick-meta":"","astra-migrate-meta-layouts":"default","ast-page-background-enabled":"default","ast-page-background-meta":{"desktop":{"background-color":"var(--ast-global-color-4)","background-image":"","background-repeat":"repeat","background-position":"center center","background-size":"auto","background-attachment":"scroll","background-type":"","background-media":"","overlay-type":"","overlay-color":"","overlay-gradient":""},"tablet":{"background-color":"","background-image":"","background-repeat":"repeat","background-position":"center center","background-size":"auto","background-attachment":"scroll","background-type":"","background-media":"","overlay-type":"","overlay-color":"","overlay-gradient":""},"mobile":{"background-color":"","background-image":"","background-repeat":"repeat","background-position":"center center","background-size":"auto","background-attachment":"scroll","background-type":"","background-media":"","overlay-type":"","overlay-color":"","overlay-gradient":""}},"ast-content-background-meta":{"desktop":{"background-color":"var(--ast-global-color-5)","background-image":"","background-repeat":"repeat","background-position":"center center","background-size":"auto","background-attachment":"scroll","background-type":"","background-media":"","overlay-type":"","overlay-color":"","overlay-gradient":""},"tablet":{"background-color":"var(--ast-global-color-5)","background-image":"","background-repeat":"repeat","background-position":"center center","background-size":"auto","background-attachment":"scroll","background-type":"","background-media":"","overlay-type":"","overlay-color":"","overlay-gradient":""},"mobile":{"background-color":"var(--ast-global-color-5)","background-image":"","background-repeat":"repeat","background-position":"center center","background-size":"auto","background-attachment":"scroll","background-type":"","background-media":"","overlay-type":"","overlay-color":"","overlay-gradient":""}}},"tipo-miembro":[211],"perfil":[9],"class_list":["post-5386","miembro","type-miembro","status-publish","has-post-thumbnail","hentry","tipo-miembro-assistant-research-professor-at-university-of-cambridge","perfil-associates"],"_links":{"self":[{"href":"https:\/\/uchass.ugr.es\/es\/wp-json\/wp\/v2\/miembro\/5386","targetHints":{"allow":["GET"]}}],"collection":[{"href":"https:\/\/uchass.ugr.es\/es\/wp-json\/wp\/v2\/miembro"}],"about":[{"href":"https:\/\/uchass.ugr.es\/es\/wp-json\/wp\/v2\/types\/miembro"}],"wp:featuredmedia":[{"embeddable":true,"href":"https:\/\/uchass.ugr.es\/es\/wp-json\/wp\/v2\/media\/5387"}],"wp:attachment":[{"href":"https:\/\/uchass.ugr.es\/es\/wp-json\/wp\/v2\/media?parent=5386"}],"wp:term":[{"taxonomy":"tipo-miembro","embeddable":true,"href":"https:\/\/uchass.ugr.es\/es\/wp-json\/wp\/v2\/tipo-miembro?post=5386"},{"taxonomy":"perfil","embeddable":true,"href":"https:\/\/uchass.ugr.es\/es\/wp-json\/wp\/v2\/perfil?post=5386"}],"curies":[{"name":"wp","href":"https:\/\/api.w.org\/{rel}","templated":true}]}}

<p><strong>Petre Breazu</strong> es Profesor Ayudante Doctor en la Universidad de Cambrige. Desde la obtención de su doctorado en Media and Communication (2020), ha desarrollado una ambiciosa agenda de investigación interdisciplinar en la intersección entre lingüística, medios y comunicación, política, sociología e inteligencia artificial. Está reconocido como experto en análisis crítico del discurso multimodal (MCDA), romafobia y racismo digital. </p>



<p>Su trabajo ha demostrado cómo el racismo se legitima y normaliza en los medios de comunicación y en las plataformas digitales, y ha ampliado el alcance metodológico de los estudios del discurso mediante la integración del MCDA con la teoría crítica de la raza y enfoques computacionales. Petre fue Investigador Principal del proyecto Marie Skłodowska-Curie Romaphobia in the Age of Populism: A Comparative Study of UK and Swedish Media and Political Discourse y actualmente es co-investigador principal (junto con el Prof. Napoleon Katsos) del programa de investigación de cinco años Large Language Models in Humanities and Social Science Research, financiado por el Melnik Fund. Petre es autor de 17 artículos revisados por pares, 3 capítulos de libro y de un libro de próxima aparición en la <em>Cambridge University Press</em> basado en su tesis doctoral y en su investigación MSCA. Actúa como evaluador por pares para revistas de primer nivel, entre ellas <em>Discourse &amp; Society</em>, <em>Discourse &amp; Communication</em>, <em>Ethnicities</em>, <em>Language in Society</em>, y <em>Journal of Language and Politics</em>, entre muchas otras. </p>



<p class=" translation-block">Es miembro del UKRI Talent Peer Review College (desde 2023), donde evalúa regularmente propuestas de Future Leaders Fellowship y otras convocatorias de financiación. También es coeditor del próximo número monográfico de <em>Discourse Studies</em>, «Researching Normalised Hate Speech as Discourse: Tracing Borderline Discourse Logics and Public Sphere Dynamics through a Critical and Interdisciplinary Approach», que reúne a destacados especialistas para examinar la amplificación de las plataformas, el soft hate speech, las estrategias de mitigación y los retos de la detección mediante IA. Ha coorganizado importantes eventos internacionales como Addressing Hate Speech: Contributions from Sociolinguistics, Media, and AI (2024) y Critical Frontiers in Hate Speech and AI Research (2025), y forma parte del Advisory Board de la International Conference on Multimodality. Petre es también miembro del Task Force on Social Concerns de la Archdiocese of Thyateira and Great Britain, donde aporta su experiencia en migración, esclavitud moderna y exclusión social.</p>



<p></p>
